uppose -3*q = 3*u - 8*q - 57, 0 = u + 4*q - 19. Suppose 10 = -2*h, -5*h = 3*f - 3*h + u. Determine c(f).
4
Let d be 3*-2*8/(-24). Let w(q) = 13*q - 1. Give w(d).
25
Let y(f) be the second derivative of -f**4/6 + 7*f**3/2 - 4*f**2 - 84*f - 1. What is y(10)?
2
Let d(m) = -4 + 0 + 1 - 3*m - 1. Calculate d(-5).
11
Suppose 26 + 19 = b. Let y be (-30)/b*(-6)/(2/(-1)). Let u(o) = -4*o - 2. Let a(i) = 5*i + 3. Let d(w) = 2*a(w) + 3*u(w). What is d(y)?
4
Let f(a) be the first derivative of 2*a**2 + 53*a + 19. Let x be f(-14). Let u(h) = 2*h + 0*h - h. What is u(x)?
-3
Let y(g) = -4*g - 15. Let a = -20 + 14. Calculate y(a).
9
Suppose 0 = -8*m + 29 + 19. Let b(q) = q**2 - 5*q - 7. Calculate b(m).
-1
Let a(p) = p**2 - 4*p + 5. Let i = -1 + 2. Let b be -1*i + (4 - 0). Suppose b*c = -5*t - 3, -3*c + 3*t = -5*c - 1. Give a(c).
5
Let p(h) = -h + 10. Let d(f) = 2*f**2 + 89*f + 216. Let j be d(-42). Determine p(j).
4
Let r = -35 - -23. Let k = r - -12. Let b(u) = 4*u**2 - 2*u**2 + k*u**2 - 2*u - 4*u**2. Calculate b(-3).
-12
Let r be (1/(-1))/(3 + -4 + 2). Let k be (r + (-14)/(-10))/((-12)/(-180)). Let o(v) = -v + 3. What is o(k)?
-3
Suppose j + 60 - 12 = 0. Let f = j - -46. Let r(a) = -a**3 - 2*a**2 + a + 2. Determine r(f).
0
Let g(h) = 20*h + 18. Let u(j) = -9*j - 8. Let q(i) = -3*g(i) - 7*u(i). Let v(r) = -r**3 - 6*r**2 + 7*r + 3. Let c be v(-7). Determine q(c).
11
Let v = 63 + -63. Let d(u) be the second derivative of u**4/12 - u**3/6 - 2*u**2 - 32*u + 1. Calculate d(v).
-4
Let n(r) be the third derivative of r**6/120 + r**5/12 - r**4/8 - r**3/6 + 78*r**2. Suppose -6 - 14 = 4*m. Give n(m).
14
Let r(s) = s**2 + 5*s. Suppose 0 = 5*w - 0*w + 5. Let g = 6 + w. Suppose 0*j = -j - g. Calculate r(j).
0
Let h(p) be the second derivative of 3*p + 1/20*p**5 + 5 - 1/6*p**3 - 5/12*p**4 + 5/2*p**2. What is h(5)?
0
Suppose -4*z + 5*x + 43 = 0, -3*x - 2 = z - 0. Let v(w) = -7 + 9*w**3 - 2 + 20*w**3 + 7*w**2 - 30*w**3 + 2*w. Give v(z).
5
Let b be (-6)/(-8) + 3038/56. Let q be 230/b - (-4)/(-22). Let y(g) = 2*g - 4. Calculate y(q).
4
Let a be (-84)/(-126) + (-70)/6. Let h(c) = -c**3 - 10*c**2 + 9*c - 13. Give h(a).
9
Let o(f) = 3*f**3 - f**2. Let u = 43 - 37. Suppose 0 = 3*s - u*s + 3. What is o(s)?
2
Let c(s) = s**2 + 4354*s - 4369*s + 7 + 14. Give c(14).
7
Suppose 4*h = -3*n + 388, -2*n - 3*n - 168 = -2*h. Let d(t) = 43 + t - h + 52. Determine d(-4).
-3
Let d = 6 - 3. Suppose -2*u = -d - 3. Let q(p) = 5*p**3 + 4*p**2 - 11*p - 3. Let c(x) = x**3 - x - 1. Let m(f) = -6*c(f) + q(f). Give m(u).
-3
Let v = 3 + -6. Let l be (-1)/v + (-4)/(-6). Let j(a) be the second derivative of a**4/2 - a**3/6 + a**2/2 - 3*a - 29. What is j(l)?
6
Let d be -1*(-6)/(-9)*-6. Let w(v) = -v + 2. Let h be w(d). Let b(m) = -m**2 + 2*m - 1. Give b(h).
-9
Suppose r + 10 - 5 = 0. Suppose 0 = 2*w - 4 - 6. Let i(f) = 2*f**2 - 3*f**2 + w*f + 2*f**2 - 4 + 0. What is i(r)?
-4
Let m(d) be the first derivative of -d**2/2 - 2*d + 589. Determine m(3).
-5
Suppose -j - 18 = -11. Let g(f) = f**3 + 8*f**2 + 6*f + 8. Let q(x) = x**3 + 7*x**2 + 5*x + 7. Let n(o) = j*q(o) + 6*g(o). Determine n(0).
-1
Suppose k = 3*p + 2*k - 212, 0 = -5*p - 4*k + 358. Let l be (56/p)/((-2)/10). Let x(o) = -o**2 - o - 3. Give x(l).
-15
Let s = -57 + 61. Let o = 1 + -1. Suppose 16 = s*p - o*p. Let q(m) = -m + 2. Determine q(p).
-2
Let w(n) = -n**2 + 2. Suppose -10 = -3*t - 2*t, 2*d + 8 = 5*t. Let k be (0 + d)/(1/(-3)). What is w(k)?
-7
Let m be 10/50 - (-382)/(-10). Let p = m - -46. Let k(w) = w**2 - 12*w + 12. Determine k(p).
-20
Let m(c) = 3*c - 4*c - 5*c**2 - 2*c**2. Let p(u) = -2*u**3 + 19*u**2 + 41*u - 87. Let k be p(11). Determine m(k).
-8
Let f(v) = -v - 9. Let a be f(-7). Let g(n) be the first derivative of -n**3/3 + 3*n**2/2 + 5*n + 52. Calculate g(a).
-5
Let b(u) = -u + 1. Let l(v) = -3*v + 1. Let d(p) = 8*b(p) - 3*l(p). Calculate d(-2).
3
Let y(u) = -6*u - 36. Let v be y(-8). Let h(d) = -v*d + d + 13*d. Determine h(3).
6
Let w(q) = q**3 - 2*q**2 + 3*q - 1. Suppose 13*t + 15 = 18*t. Suppose 2*b = -t*o + 2*o, -o = -b + 6. What is w(b)?
5
Let q(h) = -h**3 + 8*h**2 - 12*h + 36. Let y be q(7). Let l(k) = -15*k + 1. What is l(y)?
-14
Let d(c) = 13*c + 1. Suppose -50 = 11*h + 14*h. What is d(h)?
-25
Let s(c) = -c**3 + c**2 - c. Let w = -36 + 38. Suppose 6 = 2*t - 2*m, -t = 5*m + 11 - w. What is s(t)?
-1
Let j be 1 + 0/(3 + -6). Suppose j = -2*p + 3*p. Let x(q) = -q. Let a(s) = -2*s. Let l(t) = -2*a(t) + 6*x(t). What is l(p)?
-2
Let d(h) be the second derivative of -11*h**4/12 + h**3/6 + 4*h. Suppose -g + 3 + 0 = 0. Suppose 2 = -g*y + 5. What is d(y)?
-10
Let x(s) be the second derivative of -s**5/20 - 2*s**4/3 - s**3/3 - 201*s. What is x(-8)?
16
Let d(s) = 2*s + 2. Let j be (4*15/10)/(-1). Calculate d(j).
-10
Let f = 28 - 14. Let l(s) = -f*s - 15*s + 27*s + 0 - 2. Give l(-4).
6
Let u be (-2)/1 + 4 + (26 - 3). Suppose -6*i + 19 = u. Let s(w) = -7*w + 1. Calculate s(i).
8
Let j = 3 + -3. Let l(n) = j - n**2 + n**3 - 3 - 2 + 5*n**2. Suppose 3*t = -4*v - 31, 2*v - t = t + 2. What is l(v)?
-5
Let o(c) = -26 - 24*c + 69*c - 20*c - 21*c. Give o(7).
2
Let a = 5 + -4. Suppose 4*w = 19 + a. Let u(n) = 5*n**2 + 0 + 0 - n**3 - 4 + n. Give u(w).
1
Let p(f) = -9*f - 3. Let r(z) = z**3 + 23*z**2 + 61*z + 17. Let t be r(-20). Determine p(t).
24
Let h be 6/2*(-4)/6. Let m(b) = 3 - 168*b - 3 + 333*b - 167*b - 3. Give m(h).
1
Let b(w) = -2*w - 11. Let h(x) = 6*x + 32. Let l(v) = -14*b(v) - 5*h(v). Suppose 11*p = 13*p - 10. Give l(p).
-16
Suppose 33 = -9*v - 21. Let c(d) = -d + 1. What is c(v)?
7
Let c(n) = -2 + 10*n + 0*n**2 + 10*n**2 - 9*n**2. Calculate c(-6).
-26
Let x(a) be the second derivative of a**3/3 - 5*a**2/2 - 222*a + 1. Determine x(9).
13
Let z be (-45)/6*-2*1. Let s = -10 + z. Let w(o) = -o**2 + 5*o + 7. Give w(s).
7
Let i be 3/(-9) + (-4)/6. Let m = i - -6. Let p(u) = -1. Let k(c) = -c + 1. Let z(h) = -3*k(h) + p(h). Give z(m).
11
Suppose 0 = -58*l + 57*l + 3. Let y(i) = 5 + l*i + 0 + 0*i - 9. What is y(3)?
5
Let u be 3/8 - (0 + 105/(-40)). Let p(w) = w**3 - w**2 - 2*w + 3. Calculate p(u).
15
Let j be 76 - 83 - -1*7. Let v(s) be the first derivative of 5/2*s**2 - 10 + j*s. What is v(-1)?
-5
Let l(h) = -35 + 67 + h - 27. What is l(-7)?
-2
Let t(k) = -4 + 6*k**2 + 4*k**2 + 0 + 4. Determine t(1).
10
Let m(j) be the first derivative of 1/2*j**2 - 36 - j + 1/3*j**3. Determine m(-1).
-1
Let t be (-12)/(-13) + -18*17/(-3978). Let k(z) = 26*z**2 + z. Calculate k(t).
27
Let t(o) = -o**2 + 19*o - 34. Let z be t(17). Let b(d) = z*d + 0*d + 1 + 2*d**3 + 2*d - 3*d**2 - 2. Determine b(2).
7
Let z(d) = 4*d - 28. Let b(l) = 1. Let s(f) = b(f) + z(f). Give s(8).
5
Let j = -29 + 12. Let x(g) = -5*g - 12. Let w(f) = 14*f + 35. Let d(n) = j*x(n) - 6*w(n). Give d(5).
-1
Let y be ((-2)/16*-3)/((-4)/32). Let m(a) = a**3. Calculate m(y).
-27
Let j(d) = -2*d - 55. Let o be j(-23). Let q(z) = z**2 + 7*z - 4. Determine q(o).
14
Let z(q) = 7*q**3 + 7*q**2 + 4. Let t(c) = -6*c**3 - 7*c**2 - c - 3. Let g(i) = 6*t(i) + 5*z(i). What is g(-6)?
2
Let g(j) be the third derivative of j**4/12 + 4*j**3/3 + j**2. Suppose -3*t + 9 = k, 0*t = -2*k + 3*t + 18. Suppose -k - 15 = 4*l. Determine g(l).
-4
Suppose -22 = 3*f - u, -5*f - 57 = 5*u - 7. Let z(w) = w**3 + 8*w**2 - 6*w - 12. What is z(f)?
36
Let x(a) = -9*a**2 - a - 2. Let v = 461 + -459. Calculate x(v).
-40
Let c(w) = 6*w**2 - 2*w + 1. Let b = 80 - 73. Let q be 4/(-10) + b/5. Give c(q).
5
Let b = -25 - -24. Let v(p) = -8*p + 2. Let a be v(b). Suppose h = -6*x + 3*x - a, -5*h - 3*x - 2 = 0. Let g(n) = 5*n. Determine g(h).
10
Suppose 22 = 3*f - 23. Let w(n) = -6 + 11*n**2 - 40*n**2 + f*n**2 + 15*n**2 - 4*n. Calculate w(6).
6
Let o(y) = y**3 + 3*y**2 - 4*y. Let k(f) = f**2 + 3*f + 2. Let c be k(-5). Let v = -80 + 65. Let r = v + c. Calculate o(r).
12
Let g(c) be the second derivative of c**4/12 + 5*c**3/6 - 9*c**2/2 + 3*c. Let p(j) = -j**3 + 16*j**2 - 17*j + 23. Let l be p(15). Determine g(l).
5
Let j be (4/(-1))/((-4)/2). Let o(d) = j*d + 0*d - 13 + 16. Suppose -3*a - 15 = 2*a. Calculate o(a).
-3
Let v(n) = n**3 - 5*n**2 - 3*n + 2. Let z be 120/20 - (-2)/(-2). Give v(z).
-13
Let r = 79 + -69. Suppose -2*a - 4*x = 18, 2*a - r = -0*x + 3*x. Let y(q) be the first derivative of -4*q**3 - 1. Calculate y(a).
-12
Let u(t) = -20